. Calculate the greatest common factor of t and v.
18
Let z be 20056 - ((-110)/(-11) + (-3 - 1)). What is the greatest common divisor of 50 and z?
50
Let f be 4 + 40 - (-6 + 6). Calculate the highest common factor of 638 and f.
22
Let c be ((-16)/40)/(1/(-35)). Let u = 142 - 33. Suppose 9*a = u + 80. What is the highest common factor of a and c?
7
Let n be 78/(-14) - (-56)/98. Let y be (2/(32/(-252)))/(n/20). Let a = 79 - y. What is the highest common factor of 1 and a?
1
Let h = -776 - -780. Suppose 2*w - n + 3*n = 80, -w + 40 = h*n. Suppose 4*p = 4*i - 48, -4 = 4*p - 5*p. What is the highest common factor of i and w?
8
Let c = -230 + 260. Suppose 2*h - 31 = -4*w + w, 5*w - h - c = 0. What is the greatest common factor of 91 and w?
7
Suppose 2*j = -5*r + 202, -5*j + r + 392 = -167. Calculate the highest common factor of j and 8658.
111
Let z(h) = h - 4. Let k be z(2). Let m be k*3/18*3 + 25. Let q be m + 4 + -2 + -3*1. What is the highest common factor of q and 46?
23
Let a = 309 + -290. Suppose a*f - 80 = 11*f. Calculate the highest common divisor of f and 35.
5
Suppose 7494*k = 7167*k + 981. Let x = 11 + 2. What is the greatest common divisor of k and x?
1
Let q = -538 + 538. Let b be q + -5 + 16 + -5. Calculate the highest common factor of b and 342.
6
Suppose 2*k - 78 = -b, b = 24*k - 23*k - 39. What is the greatest common factor of k and 75?
3
Let k = -1998 + 2119. Let p be (-15 + 1)*7/(-2). Suppose 5*d = p + k. What is the highest common divisor of d and 17?
17
Suppose 6*s = -3*j + s + 25, 0 = 4*j + 2*s - 52. Let z(x) = 15*x + 128. Let q be z(-6). Suppose -q + 203 = u. Calculate the greatest common divisor of j and u.
15
Let f(l) = 2*l**2 - 6*l - 4. Let o(s) = -6*s**3 + s**2 + s. Let h be o(-2). Let y = h - 43. Let v be f(y). Calculate the greatest common factor of 208 and v.
52
Suppose -157 = -5*o - 157. Suppose p = -o*r - 5*r + 140, 0 = 3*r + 15. Calculate the greatest common divisor of p and 15.
15
Let a be (-226)/(-12) - 1700/2040. What is the highest common divisor of 1332 and a?
18
Let n = 29 + 10. Suppose 3 = -u + 1, -5*g = -3*u + n. Let m(b) = 3*b**2 + 11*b + 8. Let d be m(g). Calculate the highest common divisor of 19 and d.
19
Let r be (-4)/(-26) + (-43020)/(-234). Calculate the greatest common divisor of r and 128.
8
Let a be (6 - -4)*29/(-2)*-1. Let z be (-4)/(-8) + 3/2. Suppose -3*w = z*w - 145. What is the highest common divisor of w and a?
29
Let a be -3 - ((-10250)/75)/(32/(-12) + 3). What is the greatest common factor of 185 and a?
37
Let j be (9 + -11)*(2 - 1). Let d be 5/j*48/(-30). Suppose -s - 150 = -d*s. What is the greatest common factor of 75 and s?
25
Let u be 23 - 24 - (-7)/1. Let s = -3 + 0. Let q = 15 + s. What is the greatest common divisor of q and u?
6
Let r = 7824 - 7814. Suppose -4*s = -4*g + 20, -g + 4*g - 4*s - 10 = 0. What is the greatest common divisor of r and g?
10
Suppose -2*q + q + 60 = 0. Let l be 2948/q - 6/45*1. Let h = l + -37. Calculate the greatest common divisor of 8 and h.
4
Let k = -11537 - -12417. Calculate the highest common divisor of 165 and k.
55
Let r(n) = -59*n - 4. Let u be r(6). Let t be 1/(-3 + u/(-119)). Suppose -t - 21 = -2*v. Calculate the greatest common divisor of 28 and v.
14
Suppose 2*v + v - 15 = 0, -4*k - 268 = -4*v. Let a be 11/(26/(-28) - (-66)/154). Let w = a - k. What is the greatest common divisor of w and 20?
20
Let n be ((-264)/20)/(2/(-10)). Let s(h) = -h**2 + 8*h - 15. Let l be s(9). Let b = l + n. Calculate the greatest common factor of 28 and b.
14
Let h(b) = 13*b**3 - 3*b**2 - 8*b + 8. Let y be h(5). Suppose 0 = 6*k + 1104 - y. Calculate the greatest common factor of k and 138.
69
Let f be (122 - 88)/(137/(-105) + 16/12). Calculate the greatest common divisor of f and 4930.
170
Let r(y) = -y**2 - 19*y + 49. Let o be r(-28). Let v = o - -209. Calculate the highest common divisor of v and 8.
2
Let r(x) = 3*x**2 - 1. Let k be r(1). Let d be (-19)/4*(-6 + k). Let i be (89 - 2) + 31*192/744. Calculate the greatest common divisor of i and d.
19
Let h be -12 + (-264*3)/(-3). Suppose 0 = 4*f - f - 54. Calculate the highest common factor of h and f.
18
Suppose 0*f = -f - 2*f. Suppose c - 5*c - 5*n + 255 = 0, c + n - 64 = f. What is the greatest common factor of 13 and c?
13
Let f be 67445/123 + 10/6. Calculate the highest common divisor of 4730 and f.
110
Suppose 0 = -18*y + 9*y + 72. Suppose -1430 = -21*m + y*m. What is the greatest common factor of m and 20?
10
Let a(l) = l**3 - 27*l**2 + 43*l - 62. Let w be a(26). Let x = w + -311. What is the greatest common divisor of 92 and x?
23
Let t = 553 + -309. Let j = -112 + t. Let s be j/(1 + (-1)/3). What is the highest common divisor of 22 and s?
22
Let s = 1198 - 820. Let u = -244264 + 244278. What is the highest common factor of s and u?
14
Let z(j) = 55*j - 11. Let q be z(7). Let l = q + -257. Let k = l + -109. What is the greatest common factor of k and 88?
8
Let z(r) = -13*r + 31*r**2 - 1 + 24*r - 9*r. Let y be z(1). Suppose -21*q + 20*q = -y. What is the highest common factor of q and 16?
16
Let j be 0/(-2 - 9/(-3)). Suppose -1194 = -3*d + 3*b, j = -3*b - 6 - 0. Let t(l) = -237*l - 201. Let p be t(-1). What is the highest common divisor of d and p?
36
Let c(p) = 12*p**2 - 360*p - 8354. Let l be c(-26). Calculate the highest common factor of 194 and l.
194
Let t(r) = -r**2 - 19*r - 30. Let z be t(-17). Suppose -z*a - 2*o = -31 - 9, 3*o = -12. Calculate the highest common divisor of 3 and a.
3
Let o be (-83 + 82)/((-1)/41). Suppose 3*x = -o*x + 48400. What is the greatest common factor of 44 and x?
44
Suppose 0 = 2*x + 5*f + 2749 - 2832, -55 = -x - f. What is the greatest common divisor of x and 5152?
32
Let y(w) = 6*w - 2. Let o be y(1). Suppose -3*v + 896 = v - 4*r, v - 204 = -o*r. Calculate the greatest common factor of 40 and v.
20
Suppose -m = -11*m + 390. Suppose -4*g = 5*l - m, 2*g + 0*l - l - 37 = 0. Suppose 8 = 4*p - g. Calculate the highest common divisor of 6 and p.
6
Suppose 3*v = 5*p + v - 117, -74 = -3*p + 5*v. Let r be (-1*21/14)/((-2)/532). Let j = 445 - r. Calculate the greatest common divisor of p and j.
23
Let r = 22513 - 21720. Calculate the highest common factor of 299 and r.
13
Let y be -2*2/(-28) + (-41)/(-7). Suppose -143*a + 3552 = -106*a. Calculate the highest common divisor of y and a.
6
Let r(u) be the first derivative of -3*u**4/4 + 3*u**3 - u**2 - 14. Let g be r(4). Let a = g + 87. What is the greatest common factor of a and 217?
31
Let t be (1 + -4 - -2)*-3. Suppose 3*v - 33 = -t*c, 4*c - 2*c + 4*v = 22. Suppose 4*b - 106 = 290. What is the greatest common factor of b and c?
11
Let f(v) = -282*v + 1371. Let n be f(3). What is the greatest common divisor of 5425 and n?
175
Let k be 627 + (-38)/((-190)/(-75)). Suppose 95 + 109 = 6*a. Calculate the greatest common factor of k and a.
34
Let m = 192 + 128. Calculate the highest common divisor of 370 and m.
10
Suppose -427*y + 171023 + 144973 - 63212 = 0. What is the highest common divisor of y and 688?
16
Let x(r) = 2*r + 19. Suppose -54 = -u + 17. Let h = u + -66. Let a be x(h). What is the greatest common divisor of 145 and a?
29
Suppose 5*b - 9*b = -216. Suppose 6*p - 196*p = 69*p - 62937. Calculate the highest common factor of b and p.
27
Suppose 0 = -3*c + c + 98. Let z(s) = -117*s + 449. Let d be z(3). What is the greatest common divisor of c and d?
49
Let u = 81 + -39. Let c be (2/(-3))/((-2)/(-15)). Let b be ((-6)/c)/((-3)/(-70)). What is the greatest common divisor of b and u?
14
Let w = 75 - 66. Let x be ((-62)/7 - 4)*(-168)/w. Calculate the greatest common divisor of x and 60.
60
Let z be (1200/210)/(6/63). What is the greatest common divisor of z and 2775?
15
Suppose 0 = -58*m + 6883 + 11387. Calculate the greatest common divisor of m and 21.
21
Let z = -106 - -102. Let x be 51 - (2 - (-6)/z)*-2. Let r = 193 - x. What is the highest common divisor of 47 and r?
47
Suppose -3*w + 5*u + 983 = 0, 2*u - 12 + 2 = 0. Suppose 3*h = -5*r + 292, r - 184 = -2*r - 4*h. What is the greatest common factor of r and w?
56
Let i = -20399 - -31748. What is the highest common factor of 78 and i?
39
Let o(p) = 10*p**2 + 28*p + 88. Suppose 5*w = w - 16. Let k be o(w). What is the highest common factor of 24 and k?
8
Let b be ((-4)/6)/((-148)/